3. What is the highest common factor of 40 and m?
8
Suppose -3*w + 4 = -2*w. Suppose 0*c + w*c = 48. Let p = -161 + 269. What is the greatest common divisor of c and p?
12
Suppose -4*q - 40 = -0*q. Let m be (-20)/(-8)*12/q. Let d be (-3 + m)*(-66)/9. Calculate the highest common factor of d and 66.
22
Let g = 471 + -130. What is the greatest common divisor of g and 11?
11
Let c(i) = 12*i + 414. Let q be c(24). What is the greatest common factor of 78 and q?
78
Let k be 4*(-1)/4*2. Let f(w) = -36*w - 9. Let o be f(k). Let n be 20/3 - 2/(-6). Calculate the greatest common divisor of o and n.
7
Let n(y) = -y**3 - 6*y**2 + 5*y + 2. Let u be n(-5). Let a = u + 102. Calculate the greatest common factor of a and 6.
6
Suppose u = -u + 38. Let f = u - 33. Let l be (-2)/7 + (-186)/f. What is the highest common factor of l and 13?
13
Let s = 1328 + -1236. What is the greatest common factor of 69 and s?
23
Suppose -8*m - 4400 = -28*m. What is the greatest common divisor of 5 and m?
5
Let n = 378 - 622. Let z be n/(-10) + 2/10*-2. Suppose 5*i = -3*p - 2*p, 24 = 5*p - 3*i. Calculate the highest common factor of z and p.
3
Let w(g) = -g + 15. Let f be w(0). Let u = f - 15. Suppose d + 2*i - 7 = u, -6*d + 3*i + 3 = -3*d. What is the greatest common divisor of d and 21?
3
Let b be (-5)/2 + 1 + 2771/34. Calculate the greatest common divisor of b and 50.
10
Let o = 9 + -8. Let i(t) = -2*t**3 - 20*t**2 + 2*t + 21. Let k be i(-10). What is the greatest common divisor of k and o?
1
Suppose 8*v - 160 = 4*v. Suppose 5*o + v = 3*h, 5*o + 10 = 3*h - 2*h. Suppose -s = 10 - 25. What is the highest common factor of s and h?
15
Suppose 6*w = -8*w + 3150. Calculate the greatest common factor of 180 and w.
45
Let y(v) = v + 68. Let f be y(0). Let t be ((-90)/25 - -3)/((-4)/680). Calculate the greatest common divisor of t and f.
34
Suppose 24*r - 20119 = 16961. What is the highest common factor of r and 15?
15
Let i(r) = r**2 - r**2 - 14 - 2*r**2 + 3*r**2 + 5*r. Let g be i(-14). What is the highest common divisor of g and 14?
14
Suppose -10 - 2 = -3*m. Suppose k + 371 = 3*k + 3*n, -202 = -k + m*n. Calculate the greatest common divisor of 10 and k.
10
Suppose 0 = 5*v - 233 - 87. Let f = -974 - -982. What is the greatest common factor of f and v?
8
Suppose -3*y = 3*a - 543, 0 = -4*a - 5*y + 481 + 248. Calculate the greatest common divisor of a and 33.
11
Let b(k) = 2*k**2 + 7*k + 24. Suppose 3*a = 5*a + 10. Let x be b(a). Calculate the greatest common divisor of x and 273.
39
Let c = 17 - 11. Let z(s) = s**3 - 5*s**2 - 10*s + 9. Let k be z(c). Let i be (k/(-4))/(33/88). Calculate the greatest common factor of i and 30.
10
Let i = 659 - 619. What is the highest common factor of 140 and i?
20
Let g be ((-1)/(-3))/(23/(-6) - -4). Suppose 4*r - 248 = -4*o + g*r, -2*o + 4*r + 104 = 0. Calculate the greatest common factor of 20 and o.
20
Let g = 581 - 569. Calculate the highest common divisor of g and 138.
6
Suppose -4*h + 276 = -4. What is the greatest common factor of h and 14?
14
Let i be 3 + -2 + -1 - -3. Suppose -t + i*t = 6. Suppose 0 = -3*m - t*s + 24, 0 = s + 4. Calculate the highest common divisor of 12 and m.
12
Suppose u - 119 - 6 = 0. Calculate the highest common factor of 25 and u.
25
Suppose 72 = -6*h + 9*h. Let u(t) = 7*t**2 - t. Let o be u(1). What is the highest common factor of h and o?
6
Let o be (-6)/(-4)*(3 + -1). Suppose 0 = 4*c + 5*b - 1185, -3*c + 234 = o*b - 657. Suppose 7*t - 2*t = c. What is the highest common factor of 12 and t?
12
Let u(d) = 6*d - 2. Let m be u(1). Let g be (6 - (8 - m)) + -1 - -131. What is the greatest common divisor of g and 11?
11
Suppose 0 = 3*s + 4*k - 44, -4*s - 79 = -9*s - k. Calculate the greatest common factor of 392 and s.
8
Let h = 1219 - 1179. What is the highest common divisor of 1400 and h?
40
Let a = 821 + -810. Suppose -4*b = 116 - 424. Calculate the greatest common divisor of a and b.
11
Let k(l) = 195*l**2 + l + 1. Let r be (-42)/(-28)*(-2 + 4/3). Let g be k(r). Calculate the highest common factor of 39 and g.
39
Let v = 387 + -163. What is the highest common factor of v and 84?
28
Let b be (0 - (0 + -3)) + -5. Let y be 62*b*(-3)/12. Let l = y + -22. Calculate the highest common factor of l and 1.
1
Let l be 87 + 91/13 + 2. Suppose -5*k = -50 - 10. What is the highest common factor of l and k?
12
Let o be -4 - (-7 - 3) - (-1336 - 1). What is the highest common divisor of o and 79?
79
Let o = 5 - -6. Suppose -3*s - 3*b - b = -78, -s + 16 = -2*b. Calculate the greatest common divisor of s and o.
11
Suppose -13*m + 17 + 48 = 0. Let r be m/1 + 24/(-12). What is the highest common factor of r and 3?
3
Suppose 22 + 26 = 8*o. Let w = 24 - 6. Calculate the highest common factor of w and o.
6
Suppose 3*c = 123 + 93. Suppose -227 = -36*k + 61. What is the highest common divisor of k and c?
8
Let y(j) = j**2 + 4*j - 7. Let m be y(-6). Suppose -4*h + 59 = -m. Calculate the highest common factor of h and 4.
4
Let k = 484 + -281. What is the highest common divisor of k and 91?
7
Let o = -29 - -31. Suppose 5*t = -o*p + 30, 4*p + t + 60 - 156 = 0. Let v be 32/6 + 2/(-6). What is the greatest common divisor of v and p?
5
Suppose -8 = 5*l + 7. Let g = 7 + l. Calculate the highest common factor of 12 and g.
4
Let u be (-6)/(-4) + 6/12. Let p(w) = -w**3 - 11*w**2 - w - 7. Let n be p(-11). Let f be (u - (-172)/n) + -3. Calculate the highest common divisor of f and 105.
21
Suppose -5*v - m = 3*m + 149, 5*m - 111 = 4*v. Let i = v + 59. What is the greatest common factor of 6 and i?
6
Let v be 2/(-4)*-26 + 0. Suppose 11 = -2*g + 115. Calculate the highest common factor of g and v.
13
Let n(z) = 37*z + 24. Let p be n(3). What is the highest common factor of p and 15?
15
Suppose -v + 37 = 11. Let l be (-1)/(v/(-25) - -1). Suppose 32*b - 95*b + 220 + 410 = 0. What is the greatest common factor of l and b?
5
Let b(z) = -z**2 + 114. Let x be -14 - -13 - -1*1. Let m be b(x). What is the greatest common factor of 38 and m?
38
Let k = 0 + 35. Let q = -2 - -7. Suppose 18 = 2*g + q*w, g + 2*w - 3 = 7. Calculate the greatest common divisor of k and g.
7
Let l(a) be the first derivative of a**2/2 + 71*a - 24. Let q be l(-23). Calculate the greatest common divisor of 32 and q.
16
Let f(h) = -2*h**3 - 50*h**2 - 55*h - 108. Let r be f(-24). Calculate the highest common divisor of r and 330.
30
Let c(b) = 3*b - 7. Let u be c(6). Suppose -2*t + 5*m = -129, -76 = 3*t - 2*m - 297. What is the greatest common divisor of u and t?
11
Suppose -2*r - 3*j - 183 = -4*r, -15 = 3*j. What is the highest common factor of 21 and r?
21
Suppose -27*x - 6336 = -36*x. Calculate the highest common factor of x and 44.
44
Let u(d) be the first derivative of 3*d**4 - d**3/3 + d**2/2 - d + 1. Let t be u(1). Let h be (-3)/(-2)*12*t. Calculate the greatest common factor of h and 18.
18
Let w = 20 - 15. Suppose d - 5*f - 6 = 0, w*f + 2 = -3. What is the highest common factor of 8 and d?
1
Suppose 3*n = 5*g + 33, 2*n = n + 5*g + 21. Let j = 1 - n. Let c = 11 + j. Calculate the greatest common factor of 54 and c.
6
Let p = -852 - -912. Suppose 0 = -3*d + 4 + 32. Calculate the greatest common factor of p and d.
12
Let f = -1297 - -1319. Let d be (-2 - 1) + 1 + 156. Calculate the highest common divisor of d and f.
22
Suppose 0 = -13*b - 3422 + 18164. What is the greatest common divisor of b and 42?
42
Suppose 85*a - p = 80*a + 464, 0 = 4*a + 5*p - 348. Calculate the highest common divisor of a and 1150.
46
Let v = 22 + -16. Let u = v - 2. Let g = u + 11. Calculate the highest common divisor of 10 and g.
5
Let c = 33 + 48. Suppose 2*p - 18 = -4*y, 2 + 7 = p - 4*y. Calculate the greatest common factor of c and p.
9
Suppose -5*u - 3*f + 66 = 0, -5 = -3*f + 1. Suppose 0 = c + c. Suppose m + c*m + 5*k - 40 = 0, 168 = 3*m + 3*k. What is the highest common divisor of u and m?
12
Let k(l) = 8*l**2 - 42*l + 13. Let m(f) = -12*f**2 + 63*f - 19. Let q(p) = -7*k(p) - 5*m(p). Let r be q(8). What is the highest common divisor of r and 23?
23
Let l = -1810 + 1834. Calculate the greatest common divisor of l and 114.
6
Suppose 0 = 3*g + 15, -g = 41*m - 43*m + 81. Let s = -334 - -486. What is the highest common factor of m and s?
38
Let d be -4 - 0/2 - 2. Let q be (-32)/(-12)*(-9)/d*13. What is the gre